 is divided by 15?
1
What is the remainder when 820 is divided by 109?
57
What is the remainder when 185 is divided by 81?
23
Calculate the remainder when 5630 is divided by 115.
110
Calculate the remainder when 645 is divided by 34.
33
Calculate the remainder when 133 is divided by 14.
7
What is the remainder when 620 is divided by 101?
14
Calculate the remainder when 2704 is divided by 246.
244
Calculate the remainder when 1077 is divided by 15.
12
Calculate the remainder when 392 is divided by 5.
2
Calculate the remainder when 67 is divided by 10.
7
What is the remainder when 148 is divided by 31?
24
Calculate the remainder when 342 is divided by 87.
81
What is the remainder when 253 is divided by 22?
11
What is the remainder when 755 is divided by 95?
90
What is the remainder when 281 is divided by 162?
119
Calculate the remainder when 1149 is divided by 9.
6
Calculate the remainder when 95 is divided by 11.
7
Calculate the remainder when 154 is divided by 143.
11
Calculate the remainder when 1539 is divided by 55.
54
Calculate the remainder when 24482 is divided by 14.
10
Calculate the remainder when 350 is divided by 213.
137
What is the remainder when 554 is divided by 48?
26
What is the remainder when 1036 is divided by 39?
22
What is the remainder when 5510 is divided by 106?
104
What is the remainder when 3682 is divided by 38?
34
What is the remainder when 12 is divided by 9?
3
What is the remainder when 248 is divided by 123?
2
Calculate the remainder when 635 is divided by 13.
11
What is the remainder when 39 is divided by 10?
9
Calculate the remainder when 53 is divided by 16.
5
What is the remainder when 946 is divided by 17?
11
Calculate the remainder when 1412 is divided by 101.
99
Calculate the remainder when 7064 is divided by 57.
53
Calculate the remainder when 212 is divided by 73.
66
Calculate the remainder when 352 is divided by 118.
116
Calculate the remainder when 83 is divided by 49.
34
Calculate the remainder when 49 is divided by 20.
9
What is the remainder when 481 is divided by 98?
89
Calculate the remainder when 25 is divided by 3.
1
What is the remainder when 1864 is divided by 924?
16
What is the remainder when 16479 is divided by 201?
198
Calculate the remainder when 518 is divided by 261.
257
Calculate the remainder when 838 is divided by 42.
40
Calculate the remainder when 1497 is divided by 107.
106
What is the remainder when 498 is divided by 96?
18
Calculate the remainder when 339 is divided by 17.
16
Calculate the remainder when 17 is divided by 8.
1
Calculate the remainder when 481 is divided by 49.
40
What is the remainder when 123 is divided by 36?
15
What is the remainder when 26 is divided by 17?
9
What is the remainder when 764 is divided by 110?
104
What is the remainder when 384 is divided by 103?
75
What is the remainder when 67 is divided by 34?
33
Calculate the remainder when 943 is divided by 59.
58
Calculate the remainder when 24 is divided by 12.
0
What is the remainder when 567 is divided by 74?
49
Calculate the remainder when 319 is divided by 16.
15
Calculate the remainder when 158 is divided by 27.
23
What is the remainder when 130 is divided by 17?
11
Calculate the remainder when 695 is divided by 29.
28
Calculate the remainder when 154 is divided by 107.
47
What is the remainder when 368 is divided by 31?
27
What is the remainder when 57 is divided by 20?
17
What is the remainder when 888 is divided by 444?
0
Calculate the remainder when 44 is divided by 12.
8
What is the remainder when 738 is divided by 89?
26
Calculate the remainder when 131 is divided by 45.
41
Calculate the remainder when 95 is divided by 68.
27
What is the remainder when 25 is divided by 16?
9
Calculate the remainder when 2 is divided by 1.
0
What is the remainder when 24 is divided by 20?
4
What is the remainder when 696 is divided by 160?
56
What is the remainder when 308 is divided by 31?
29
What is the remainder when 402 is divided by 137?
128
What is the remainder when 453 is divided by 20?
13
What is the remainder when 1590 is divided by 228?
222
Calculate the remainder when 130 is divided by 68.
62
Calculate the remainder when 438 is divided by 9.
6
What is the remainder when 58 is divided by 22?
14
What is the remainder when 99 is divided by 5?
4
What is the remainder when 143 is divided by 45?
8
What is the remainder when 184 is divided by 95?
89
Calculate the remainder when 121 is divided by 105.
16
What is the remainder when 239 is divided by 232?
7
Calculate the remainder when 113 is divided by 103.
10
Calculate the remainder when 28 is divided by 4.
0
Calculate the remainder when 22702 is divided by 19.
16
Calculate the remainder when 54 is divided by 11.
10
What is the remainder when 166 is divided by 38?
14
Calculate the remainder when 3316 is divided by 21.
19
Calculate the remainder when 76 is divided by 55.
21
Calculate the remainder when 1505 is divided by 26.
23
Calculate the remainder when 384 is divided by 35.
34
Calculate the remainder when 127 is divided by 42.
1
What is the remainder when 674 is divided by 15?
14
What is the remainder when 823 is divided by 112?
39
Calculate the remainder when 194 is divided by 65.
64
What is the remainder when 11987 is divided by 179?
173
What is the remainder when 768 is divided by 70?
68
Calculate the remainder when 921 is divided by 308.
305
Calculate the remainder when 272 is divided by 144.
128
What is the remainder when 167 is divided by 42?
41
What is the remainder when 450 is divided by 11?
10
What is the remainder when 1491 is divided by 88?
83
What is the remainder when 1267 is divided by 10?
7
Calculate the remainder when 296 is divided by 97.
5
What is the remainder when 203 is divided by 12?
11
What is the remainder when 114 is divided by 104?
10
Calculate the remainder when 485 is divided by 58.
21
What is the remainder when 136 is divided by 43?
7
Calculate the remainder when 65 is divided by 47.
18
Calculate the remainder when 131 is divided by 2.
1
Calculate the remainder when 7018 is divided by 180.
178
Calculate the remainder when 349 is divided by 306.
43
Calculate the remainder when 1365 is divided by 43.
32
Calculate the remainder when 416 is divided by 263.
153
What is the remainder when 279 is divided by 73?
60
Calculate the remainder when 868 is divided by 141.
22
What is the remainder when 292 is divided by 6?
4
What is the remainder when 99 is divided by 25?
24
What is the remainder when 4365 is divided by 84?
81
Calculate the remainder when 839 is divided by 275.
14
What is the remainder when 400 is divided by 93?
28
Calculate the remainder when 449 is divided by 65.
59
Calculate the remainder when 144 is divided by 33.
12
What is the remainder when 328 is divided by 181?
147
Calculate the remainder when 184 is divided by 59.
7
What is the remainder when 355 is divided by 9?
4
Calculate the remainder when 45 is divided by 21.
3
Calculate the remainder when 411 is divided by 6.
3
What is the remainder when 73 is divided by 53?
20
What is the remainder when 394 is divided by 97?
6
Calculate the remainder when 1306 is divided by 428.
22
What is the remainder when 196 is divided by 40?
36
Calculate the remainder when 1133 is divided by 42.
41
What is the remainder when 1023 is divided by 496?
31
Calculate the remainder when 163 is divided by 33.
31
What is the remainder when 223 is divided by 57?
52
What is the remainder when 20 is divided by 16?
4
Calculate the remainder when 62 is divided by 34.
28
What is the remainder when 305 is divided by 4?
1
What is the remainder when 23327 is divided by 36?
35
What is the remainder when 170 is divided by 18?
8
What is the remainder when 12455 is divided by 70?
65
What is the remainder when 567 is divided by 31?
9
Calculate the remainder when 449 is divided by 29.
14
Calculate the remainder when 6718 is divided by 80.
78
Calculate the remainder when 91 is divided by 36.
19
Calculate the remainder when 106 is divided by 28.
22
What is the remainder when 9 is divided by 5?
4
What is the remainder when 51367 is divided by 55?
52
What is the remainder when 680 is divided by 137?
132
Calculate the remainder when 47 is divided by 6.
5
What is the remainder when 189 is divided by 68?
53
What